{"id":94519,"date":"2026-01-29T19:53:18","date_gmt":"2026-01-29T22:53:18","guid":{"rendered":"https:\/\/mundialdoqueijodobrasil.com\/?page_id=94519"},"modified":"2026-02-24T08:00:09","modified_gmt":"2026-02-24T11:00:09","slug":"perguntas-e-respostas-do-concurso-de-queijos-e-produtos-lacteos","status":"publish","type":"page","link":"https:\/\/mundialdoqueijodobrasil.com\/fr\/perguntas-e-respostas-do-concurso-de-queijos-e-produtos-lacteos\/","title":{"rendered":"Questions et r\u00e9ponses du concours des fromages et produits laitiers"},"content":{"rendered":"<div data-elementor-type=\"wp-page\" data-elementor-id=\"94519\" class=\"elementor elementor-94519\" data-elementor-post-type=\"page\">\n\t\t\t\t<div class=\"elementor-element elementor-element-c387375 e-flex e-con-boxed e-con e-parent\" data-id=\"c387375\" data-element_type=\"container\" data-e-type=\"container\">\n\t\t\t\t\t<div class=\"e-con-inner\">\n\t\t\t\t<div class=\"elementor-element elementor-element-beb252c elementor-widget elementor-widget-text-editor\" data-id=\"beb252c\" data-element_type=\"widget\" data-e-type=\"widget\" data-widget_type=\"text-editor.default\">\n\t\t\t\t<div class=\"elementor-widget-container\">\n\t\t\t\t\t\t\t\t\t<p><b>Puis-je enregistrer autant de produits que je le souhaite dans la m\u00eame cat\u00e9gorie\u00a0?\u00a0<\/b><b>Nous sommes fabricants de dulce de leche et de beurre et souhaiterions participer au 4e Championnat mondial des fromages du Br\u00e9sil avec ces produits. Cependant, nous proposons plusieurs vari\u00e9t\u00e9s traditionnelles de dulce de leche. Pouvons-nous les pr\u00e9senter toutes dans la m\u00eame cat\u00e9gorie\u00a0? La m\u00eame question se pose pour notre beurre\u2026<\/b><br \/>Oui, \u00e0 condition qu&#039;ils aient des noms diff\u00e9rents et des diff\u00e9rences subtiles dans leurs caract\u00e9ristiques.<\/p>\t\t\t\t\t\t\t\t<\/div>\n\t\t\t\t<\/div>\n\t\t\t\t\t<\/div>\n\t\t\t\t<\/div>\n\t\t<div class=\"elementor-element elementor-element-3322268 e-flex e-con-boxed e-con e-parent\" data-id=\"3322268\" data-element_type=\"container\" data-e-type=\"container\">\n\t\t\t\t\t<div class=\"e-con-inner\">\n\t\t\t\t<div class=\"elementor-element elementor-element-5533268 elementor-widget elementor-widget-text-editor\" data-id=\"5533268\" data-element_type=\"widget\" data-e-type=\"widget\" data-widget_type=\"text-editor.default\">\n\t\t\t\t<div class=\"elementor-widget-container\">\n\t\t\t\t\t\t\t\t\t<p><strong>Frais d&#039;inscription<\/strong><br \/><strong>Bonjour ! J&#039;ai une question concernant les frais d&#039;inscription :<\/strong><br \/><strong>\u274f R$170 (Cent soixante-dix reais) pour chaque produit fabriqu\u00e9 avec du lait provenant de la ferme elle-m\u00eame, s&#039;il est class\u00e9 comme produit laitier par les autorit\u00e9s comp\u00e9tentes, mais que le lait provient de la ferme elle-m\u00eame, est-il admissible ?<\/strong><br \/><strong>\u274f R$260 (Deux cent soixante reais) pour chaque produit fabriqu\u00e9 dans des installations laiti\u00e8res, uniquement si le lait provient d&#039;un tiers qui paie ce montant ?<\/strong><br \/>Si le fromage est fabriqu\u00e9 \u00e0 partir du lait de la ferme elle-m\u00eame, m\u00eame s&#039;il s&#039;agit d&#039;un produit laitier, la valeur est R$170.<br \/>S&#039;il s&#039;agit de lait provenant d&#039;un tiers, la valeur est R$260, c&#039;est exact !<\/p>\t\t\t\t\t\t\t\t<\/div>\n\t\t\t\t<\/div>\n\t\t\t\t\t<\/div>\n\t\t\t\t<\/div>\n\t\t<div class=\"elementor-element elementor-element-9917856 e-flex e-con-boxed e-con e-parent\" data-id=\"9917856\" data-element_type=\"container\" data-e-type=\"container\">\n\t\t\t\t\t<div class=\"e-con-inner\">\n\t\t\t\t<div class=\"elementor-element elementor-element-7ad9178 elementor-widget elementor-widget-text-editor\" data-id=\"7ad9178\" data-element_type=\"widget\" data-e-type=\"widget\" data-widget_type=\"text-editor.default\">\n\t\t\t\t<div class=\"elementor-widget-container\">\n\t\t\t\t\t\t\t\t\t<p><strong>Bonjour ! Je souhaite participer au concours de dulce de leche et de beurre en envoyant des \u00e9chantillons, mais le r\u00e8glement ne mentionne que les quantit\u00e9s de fromages. Pourriez-vous m&#039;indiquer les quantit\u00e9s de produits laitiers \u00e0 envoyer ?.<br \/>Vous pouvez consid\u00e9rer les m\u00eames quantit\u00e9s que pour le fromage en ce qui concerne son emballage commercial\u00a0:<br \/><\/strong><\/p><p>Les produits laitiers pesant entre 200 g et 500 g doivent \u00eatre pr\u00e9sent\u00e9s en au moins 2 morceaux.<\/p><p>\u2022 Les produits laitiers pesant entre 500 g et 1 kg doivent \u00eatre pr\u00e9sent\u00e9s en au moins une seule pi\u00e8ce.<\/p><p>\u2022 Les produits laitiers pesant plus de 1,1 kg peuvent \u00eatre pr\u00e9sent\u00e9s entiers ou en portions, avec une portion minimale de 500 g.<\/p>\t\t\t\t\t\t\t\t<\/div>\n\t\t\t\t<\/div>\n\t\t\t\t\t<\/div>\n\t\t\t\t<\/div>\n\t\t<div class=\"elementor-element elementor-element-d03e10f e-flex e-con-boxed e-con e-parent\" data-id=\"d03e10f\" data-element_type=\"container\" data-e-type=\"container\">\n\t\t\t\t\t<div class=\"e-con-inner\">\n\t\t\t\t<div class=\"elementor-element elementor-element-9c3d7b6 elementor-widget elementor-widget-text-editor\" data-id=\"9c3d7b6\" data-element_type=\"widget\" data-e-type=\"widget\" data-widget_type=\"text-editor.default\">\n\t\t\t\t<div class=\"elementor-widget-container\">\n\t\t\t\t\t\t\t\t\t<p><b>Je travaille avec des fromages aigres, plus d&#039;une dizaine de vari\u00e9t\u00e9s, fabriqu\u00e9s \u00e0 partir de lait de vache, et je n&#039;ai pas trouv\u00e9 de cat\u00e9gorie pour la chancliche et le boursin. Quelle cat\u00e9gorie serait appropri\u00e9e\u00a0?<\/b><br>Tous les fromages aromatis\u00e9s \u00e0 l&#039;huile d&#039;olive, aux herbes, au charbon de bois ou \u00e0 tout autre ingr\u00e9dient que le lait, le sel, la pr\u00e9sure et les ferments lactiques doivent \u00eatre enregistr\u00e9s aupr\u00e8s de...<b> cat\u00e9gorie 502<\/b>. Cependant, s&#039;il ne s&#039;agit que de la masse acide naturelle, vous pouvez vous inscrire aupr\u00e8s de <b>cat\u00e9gorie 104,<\/b> m\u00eame si son \u00e9corce n&#039;est pas fleurie.<\/p>\t\t\t\t\t\t\t\t<\/div>\n\t\t\t\t<\/div>\n\t\t\t\t<div class=\"elementor-element elementor-element-6dc5376 elementor-widget elementor-widget-text-editor\" data-id=\"6dc5376\" data-element_type=\"widget\" data-e-type=\"widget\" data-widget_type=\"text-editor.default\">\n\t\t\t\t<div class=\"elementor-widget-container\">\n\t\t\t\t\t\t\t\t\t<p><b>\u00a0Queijo de coalho (45 \u00e0 49 \u00b0C) est de cat\u00e9gorie 109, non ?\u00a0<\/b><br \/>Oui, car c&#039;est un fromage press\u00e9 semi-cuit.<br \/><br \/><\/p>\t\t\t\t\t\t\t\t<\/div>\n\t\t\t\t<\/div>\n\t\t\t\t<div class=\"elementor-element elementor-element-9b52b27 elementor-widget elementor-widget-text-editor\" data-id=\"9b52b27\" data-element_type=\"widget\" data-e-type=\"widget\" data-widget_type=\"text-editor.default\">\n\t\t\t\t<div class=\"elementor-widget-container\">\n\t\t\t\t\t\t\t\t\t<p><strong>Et le fromage fabriqu\u00e9 avec du lait de bufflonne entrerait-il dans la cat\u00e9gorie 405\u00a0?<\/strong><br \/>Non, cela appartient \u00e0 la cat\u00e9gorie 402, un fromage \u00e0 caill\u00e9 press\u00e9 fabriqu\u00e9 \u00e0 partir de lait de bufflonne.<\/p>\t\t\t\t\t\t\t\t<\/div>\n\t\t\t\t<\/div>\n\t\t\t\t<div class=\"elementor-element elementor-element-adbccc6 elementor-widget elementor-widget-text-editor\" data-id=\"adbccc6\" data-element_type=\"widget\" data-e-type=\"widget\" data-widget_type=\"text-editor.default\">\n\t\t\t\t<div class=\"elementor-widget-container\">\n\t\t\t\t\t\t\t\t\t<p><strong>On peut inscrire du dulce de leche aromatis\u00e9, n&#039;est-ce pas ? Cat\u00e9gorie 501 ?<\/strong><br \/>Tout \u00e0 fait exact.<\/p>\t\t\t\t\t\t\t\t<\/div>\n\t\t\t\t<\/div>\n\t\t\t\t\t<\/div>\n\t\t\t\t<\/div>\n\t\t\t\t<\/div>","protected":false},"excerpt":{"rendered":"<p>Posso inscrever quantos produtos quiser para a mesma categoria?\u00a0Somos fabricantes de DOCE DE LEITE e MANTEIGA e gostar\u00edamos de participar do 4\u00ba MUNDIAL DO QUEIJO DO BRASIL nos respectivos produtos. [&hellip;]<\/p>\n","protected":false},"author":6,"featured_media":0,"parent":0,"menu_order":0,"comment_status":"closed","ping_status":"closed","template":"","meta":{"_price":"","_stock":"","_tribe_ticket_header":"","_tribe_default_ticket_provider":"","_tribe_ticket_capacity":"","_ticket_start_date":"","_ticket_end_date":"","_tribe_ticket_show_description":"","_tribe_ticket_show_not_going":false,"_tribe_ticket_use_global_stock":"","_tribe_ticket_global_stock_level":"","_global_stock_mode":"","_global_stock_cap":"","_tribe_rsvp_for_event":"","_tribe_ticket_going_count":"","_tribe_ticket_not_going_count":"","_tribe_tickets_list":"[]","_tribe_ticket_has_attendee_info_fields":false,"footnotes":""},"class_list":["post-94519","page","type-page","status-publish","hentry"],"_links":{"self":[{"href":"https:\/\/mundialdoqueijodobrasil.com\/fr\/wp-json\/wp\/v2\/pages\/94519","targetHints":{"allow":["GET"]}}],"collection":[{"href":"https:\/\/mundialdoqueijodobrasil.com\/fr\/wp-json\/wp\/v2\/pages"}],"about":[{"href":"https:\/\/mundialdoqueijodobrasil.com\/fr\/wp-json\/wp\/v2\/types\/page"}],"author":[{"embeddable":true,"href":"https:\/\/mundialdoqueijodobrasil.com\/fr\/wp-json\/wp\/v2\/users\/6"}],"replies":[{"embeddable":true,"href":"https:\/\/mundialdoqueijodobrasil.com\/fr\/wp-json\/wp\/v2\/comments?post=94519"}],"version-history":[{"count":11,"href":"https:\/\/mundialdoqueijodobrasil.com\/fr\/wp-json\/wp\/v2\/pages\/94519\/revisions"}],"predecessor-version":[{"id":94708,"href":"https:\/\/mundialdoqueijodobrasil.com\/fr\/wp-json\/wp\/v2\/pages\/94519\/revisions\/94708"}],"wp:attachment":[{"href":"https:\/\/mundialdoqueijodobrasil.com\/fr\/wp-json\/wp\/v2\/media?parent=94519"}],"curies":[{"name":"wp","href":"https:\/\/api.w.org\/{rel}","templated":true}]}}

Questions et réponses du concours des fromages et produits laitiers

<div data-elementor-type="wp-page" data-elementor-id="94519" class="elementor elementor-94519" data-elementor-post-type="page">
				<div class="elementor-element elementor-element-c387375 e-flex e-con-boxed e-con e-parent" data-id="c387375" data-element_type="container" data-e-type="container">
					<div class="e-con-inner">
				<div class="elementor-element elementor-element-beb252c elementor-widget elementor-widget-text-editor" data-id="beb252c" data-element_type="widget" data-e-type="widget" data-widget_type="text-editor.default">
				<div class="elementor-widget-container">
									<p><b>Puis-je enregistrer autant de produits que je le souhaite dans la même catégorie ? </b><b>Nous sommes fabricants de dulce de leche et de beurre et souhaiterions participer au 4e Championnat mondial des fromages du Brésil avec ces produits. Cependant, nous proposons plusieurs variétés traditionnelles de dulce de leche. Pouvons-nous les présenter toutes dans la même catégorie ? La même question se pose pour notre beurre…</b><br />Oui, à condition qu&#039;ils aient des noms différents et des différences subtiles dans leurs caractéristiques.</p>								</div>
				</div>
					</div>
				</div>
		<div class="elementor-element elementor-element-3322268 e-flex e-con-boxed e-con e-parent" data-id="3322268" data-element_type="container" data-e-type="container">
					<div class="e-con-inner">
				<div class="elementor-element elementor-element-5533268 elementor-widget elementor-widget-text-editor" data-id="5533268" data-element_type="widget" data-e-type="widget" data-widget_type="text-editor.default">
				<div class="elementor-widget-container">
									<p><strong>Frais d&#039;inscription</strong><br /><strong>Bonjour ! J&#039;ai une question concernant les frais d&#039;inscription :</strong><br /><strong>❏ R$170 (Cent soixante-dix reais) pour chaque produit fabriqué avec du lait provenant de la ferme elle-même, s&#039;il est classé comme produit laitier par les autorités compétentes, mais que le lait provient de la ferme elle-même, est-il admissible ?</strong><br /><strong>❏ R$260 (Deux cent soixante reais) pour chaque produit fabriqué dans des installations laitières, uniquement si le lait provient d&#039;un tiers qui paie ce montant ?</strong><br />Si le fromage est fabriqué à partir du lait de la ferme elle-même, même s&#039;il s&#039;agit d&#039;un produit laitier, la valeur est R$170.<br />S&#039;il s&#039;agit de lait provenant d&#039;un tiers, la valeur est R$260, c&#039;est exact !</p>								</div>
				</div>
					</div>
				</div>
		<div class="elementor-element elementor-element-9917856 e-flex e-con-boxed e-con e-parent" data-id="9917856" data-element_type="container" data-e-type="container">
					<div class="e-con-inner">
				<div class="elementor-element elementor-element-7ad9178 elementor-widget elementor-widget-text-editor" data-id="7ad9178" data-element_type="widget" data-e-type="widget" data-widget_type="text-editor.default">
				<div class="elementor-widget-container">
									<p><strong>Bonjour ! Je souhaite participer au concours de dulce de leche et de beurre en envoyant des échantillons, mais le règlement ne mentionne que les quantités de fromages. Pourriez-vous m&#039;indiquer les quantités de produits laitiers à envoyer ?.<br />Vous pouvez considérer les mêmes quantités que pour le fromage en ce qui concerne son emballage commercial :<br /></strong></p><p>Les produits laitiers pesant entre 200 g et 500 g doivent être présentés en au moins 2 morceaux.</p><p>• Les produits laitiers pesant entre 500 g et 1 kg doivent être présentés en au moins une seule pièce.</p><p>• Les produits laitiers pesant plus de 1,1 kg peuvent être présentés entiers ou en portions, avec une portion minimale de 500 g.</p>								</div>
				</div>
					</div>
				</div>
		<div class="elementor-element elementor-element-d03e10f e-flex e-con-boxed e-con e-parent" data-id="d03e10f" data-element_type="container" data-e-type="container">
					<div class="e-con-inner">
				<div class="elementor-element elementor-element-9c3d7b6 elementor-widget elementor-widget-text-editor" data-id="9c3d7b6" data-element_type="widget" data-e-type="widget" data-widget_type="text-editor.default">
				<div class="elementor-widget-container">
									<p><b>Je travaille avec des fromages aigres, plus d&#039;une dizaine de variétés, fabriqués à partir de lait de vache, et je n&#039;ai pas trouvé de catégorie pour la chancliche et le boursin. Quelle catégorie serait appropriée ?</b><br>Tous les fromages aromatisés à l&#039;huile d&#039;olive, aux herbes, au charbon de bois ou à tout autre ingrédient que le lait, le sel, la présure et les ferments lactiques doivent être enregistrés auprès de...<b> catégorie 502</b>. Cependant, s&#039;il ne s&#039;agit que de la masse acide naturelle, vous pouvez vous inscrire auprès de <b>catégorie 104,</b> même si son écorce n&#039;est pas fleurie.</p>								</div>
				</div>
				<div class="elementor-element elementor-element-6dc5376 elementor-widget elementor-widget-text-editor" data-id="6dc5376" data-element_type="widget" data-e-type="widget" data-widget_type="text-editor.default">
				<div class="elementor-widget-container">
									<p><b> Queijo de coalho (45 à 49 °C) est de catégorie 109, non ? </b><br />Oui, car c&#039;est un fromage pressé semi-cuit.<br /><br /></p>								</div>
				</div>
				<div class="elementor-element elementor-element-9b52b27 elementor-widget elementor-widget-text-editor" data-id="9b52b27" data-element_type="widget" data-e-type="widget" data-widget_type="text-editor.default">
				<div class="elementor-widget-container">
									<p><strong>Et le fromage fabriqué avec du lait de bufflonne entrerait-il dans la catégorie 405 ?</strong><br />Non, cela appartient à la catégorie 402, un fromage à caillé pressé fabriqué à partir de lait de bufflonne.</p>								</div>
				</div>
				<div class="elementor-element elementor-element-adbccc6 elementor-widget elementor-widget-text-editor" data-id="adbccc6" data-element_type="widget" data-e-type="widget" data-widget_type="text-editor.default">
				<div class="elementor-widget-container">
									<p><strong>On peut inscrire du dulce de leche aromatisé, n&#039;est-ce pas ? Catégorie 501 ?</strong><br />Tout à fait exact.</p>								</div>
				</div>
					</div>
				</div>
				</div>

<p>Posso inscrever quantos produtos quiser para a mesma categoria? Somos fabricantes de DOCE DE LEITE e MANTEIGA e gostaríamos de participar do 4º MUNDIAL DO QUEIJO DO BRASIL nos respectivos produtos. [&hellip;]</p>
